 Let k = q + -38. What are the prime factors of k?
17
Let p(h) = 6*h**2. Let w be p(-5). Let j be (-6)/(-8) + w/(-8). List the prime factors of (-212)/j + 16/72.
2, 3
Let z(n) = 1 - 2*n - 2*n + 1. Let w be z(2). Let j = w + 15. What are the prime factors of j?
3
Let q(g) = g**2 - 2. Let l be q(0). List the prime factors of 11 + 3/(-1) + l.
2, 3
Suppose 0 = -2*k + 2, -3*z - 3*k + 3 = -0. Suppose 0*u + u - 6 = z. List the prime factors of u.
2, 3
Let u(g) = -g**3 + 8*g**2 - 7*g + 4. Let i be u(7). Suppose i*h = 5*x - 76, 0 = -2*x + 2*h - 2 + 34. What are the prime factors of x?
2, 3
Let s(d) be the first derivative of -d**5/120 + d**4/6 - 2*d**3/3 + 2. Let j(t) be the third derivative of s(t). What are the prime factors of j(-4)?
2
Let g be 0 - (1 - 0 - -1). Let b = -26 + 33. Let z = g + b. List the prime factors of z.
5
Suppose -5*g = -f - 60, 4*f - 4 = g + 3. Let o(z) = z. Let d be o(1). Let t = g - d. What are the prime factors of t?
2, 3
Let v = -136 + 266. What are the prime factors of v?
2, 5, 13
Let w = -13 + 6. Let i(y) = y**3 + 7*y**2 - 2*y + 7. List the prime factors of i(w).
3, 7
Let s = 0 - -4. Suppose -2*g + 2 = -s. What are the prime factors of g?
3
Let h(j) = j**2 + 4 + j + 1 + 1 - 3*j. What are the prime factors of h(4)?
2, 7
Suppose -4*o - 4*b = 64, o + 0 - 2 = 5*b. Let u(n) = 11*n + 3*n + 5*n**2 + 18 - 4*n**2. What are the prime factors of u(o)?
5
Let h be (5/3)/((-1)/(-3)). Suppose -3*s = -4*t - 27, 2*t + 5*s - 3 = -36. What are the prime factors of 22/(h + t/3)?
11
Let f = -2 - -2. Suppose -4*w + 5*w + 1 = f. List the prime factors of 4/w*(-10 - -7).
2, 3
Suppose -4*u = 3*o - 74, -2*o - 3*o = 3*u - 105. Suppose g - 25 = o. Let f = g + -21. List the prime factors of f.
2, 11
Let b(j) = 4*j**2 + 3*j + 1. Let v = 14 + -16. What are the prime factors of b(v)?
11
Let a(o) = 4*o - 3. Let d be a(2). Suppose -3*t + 125 = d*p + 2*t, 0 = -4*p + 2*t + 70. List the prime factors of p.
2, 5
Let s(x) = -x - 9. Let y be s(-13). Suppose -g - y*g = -40. What are the prime factors of g?
2
Suppose -9*v + 5*v = -172. What are the prime factors of v?
43
Let j be 1/4 + 22/8. Let g be 1/(j*2/6). What are the prime factors of (g - 2)*(-7 - 1)?
2
Let u be 2 - 3*8/(-6). Suppose 3*c = u*c - 48. List the prime factors of c.
2
Suppose 0*u - p - 327 = -u, 5*u - 1645 = 3*p. Let v be u/6 + (-4)/(-6). Suppose -2*q - j = 3*q - v, -2*j = 8. List the prime factors of q.
2, 3
Suppose 0 = -3*o + 16 + 149. List the prime factors of o.
5, 11
Suppose 3*i - 24 - 6 = 0. What are the prime factors of i?
2, 5
Suppose -3*a - 3 = 0, 109 = 5*c - 7*a + 3*a. Suppose -c = -3*v + 15. List the prime factors of v.
2, 3
Suppose -4*z = j - 0*j - 251, z = 3*j - 818. What are the prime factors of j?
271
Let n(y) be the third derivative of -y**6/120 + y**5/10 - y**4/8 - y**3/2 + 3*y**2. Let o be n(4). Let r = o + -12. What are the prime factors of r?
5
Suppose -2*f + 0*f = -56. Let x(k) = -k**2 + 2*k + 3. Let m be x(3). Suppose -r = 3*r - 4*n - f, m = -2*r - 2*n + 6. What are the prime factors of r?
5
Suppose 42 = p + 2*p + 3*f, 28 = 2*p - 2*f. What are the prime factors of p?
2, 7
Let n = -358 + 666. List the prime factors of n.
2, 7, 11
Let q = -10 - -26. Suppose -w + 44 = 2*k + q, -5*w = -10. What are the prime factors of k?
13
Let m(z) = z**3 + 3*z**2 - z - 2. Let n be m(-2). Let b = -2 - n. List the prime factors of (-30)/(21/b - -2).
2, 5
Let t = -11 - -14. List the prime factors of t.
3
Let q(x) = x**2 + 3*x - 6. Let p be q(-5). Let r = p + 3. List the prime factors of r.
7
Let p(f) = 10*f - 1. List the prime factors of p(1).
3
Suppose 3*a - 3 = 4*p + 2*a, -5*p + 3*a = 9. Suppose 2*n - n - 16 = p. List the prime factors of n.
2
Let o(g) = -3*g - 6 + 17 + 2*g + 36. What are the prime factors of o(0)?
47
Let l(z) = -z**2 + 23*z + 58. What are the prime factors of l(20)?
2, 59
Let m(y) = 2*y**3 - 3*y**2 + 3*y - 3. Let v be m(2). Let i = -2 + v. List the prime factors of i.
5
Let u be (1 + 0)/((-4)/(-12)). Let f be (17 + -1)/(u/3). Suppose 0 = -4*w - 4*s + 20, -3*s = 2*w + s - f. What are the prime factors of w?
2
Suppose 0 = -5*c + 28 + 182. What are the prime factors of c?
2, 3, 7
Let k = -12 + 15. Suppose -3*m - 2*m + 77 = 2*w, -2*m + 27 = -k*w. List the prime factors of m.
3, 5
Suppose -z = -3*z - 3*f + 390, 0 = -3*z + 2*f + 611. List the prime factors of z.
3, 67
Let g(w) = w - 2 + 14*w**2 + 2*w - 3*w**2. List the prime factors of g(1).
2, 3
Let z = -7 - -12. Suppose -3*q = 3*v - z*q - 70, 2*v + 2*q = 60. List the prime factors of v.
2, 13
Let t = -4 + 9. Suppose 3*u = t*u - 54. Suppose 3*c - u = -0*c. List the prime factors of c.
3
List the prime factors of (-2310)/63*1/1*-3.
2, 5, 11
Let y(i) = -i**2 + 11*i - 7. Let q be 4/((-4)/(-8 - 0)). List the prime factors of y(q).
17
List the prime factors of (73/(-2))/((-2)/4).
73
Let x be (-3)/(-2)*2/(-3). Let s(d) = -10*d - 1. List the prime factors of s(x).
3
Suppose -2*k + 4*k - 6 = 0. Suppose k*b + b - 280 = 0. Suppose 30 = 5*j - b. List the prime factors of j.
2, 5
Let u = -6 - -6. Suppose -2*r + 4 = u, -3*i + 7*i - 5*r = -146. Let p = i + 48. What are the prime factors of p?
2, 7
Let s be (-3 + 0)/(3/(-5)). Let y = s - 0. List the prime factors of y.
5
Suppose 7*x = 21*x - 238. List the prime factors of x.
17
Suppose -998 = -9*o + 640. List the prime factors of o.
2, 7, 13
Let m be (-2)/4 - 388/(-8). Suppose m + 2 = 5*g. Let i = -4 + g. What are the prime factors of i?
2, 3
Suppose 0*b - 108 = -4*b. What are the prime factors of b?
3
Let g(i) = -i + 70. List the prime factors of g(0).
2, 5, 7
Let m(a) = 2*a + 48. List the prime factors of m(15).
2, 3, 13
Let h(z) = z - 1. Let l(c) = 3*c. Let g(j) = -h(j) + l(j). Suppose 0 = -3*b + b + 6. List the prime factors of g(b).
7
Let m = -23 + 28. List the prime factors of m.
5
Let c = 7 - -6. What are the prime factors of c?
13
Suppose -10 = 3*t - 6*y + 2*y, -2 = -5*t + 2*y. Suppose 3*u - t*s = 5*u - 22, 0 = -4*u - 3*s + 46. What are the prime factors of u?
13
Let r be (-4)/2 - (0 + 0). Let j(q) = -q**2 - 5*q - 3. Let v be j(r). Suppose v*w + u - 12 = 0, -28 = -5*w - u + 2*u. List the prime factors of w.
5
List the prime factors of (-83)/(-4) + 33/(-44).
2, 5
Let k(i) = i**3 - 9*i**2 + i - 6. Let x be k(9). Suppose -7*b + 12 = -x*b. Suppose 0 = -2*m - t + 17, 0 = 5*m - 0*m + b*t - 40. What are the prime factors of m?
11
Suppose 756 = -16*w + 25*w. What are the prime factors of w?
2, 3, 7
Suppose 7*q = 1864 + 236. List the prime factors of q.
2, 3, 5
Suppose 24 = r - 2*r. List the prime factors of 27*(r/(-9))/2.
2, 3
Suppose -r + 50 = 4*m, r + m = -r + 128. What are the prime factors of r?
2, 3, 11
Suppose -4*f = -21 + 93. Let d be 23/(-3*3/f). Let y = d - 22. What are the prime factors of y?
2, 3
Suppose 0 = -3*x + 4 + 20. Suppose -o - 3*t = -x, 2*t + 3*t = 3*o - 38. List the prime factors of o.
11
Let d = 3 + -5. List the prime factors of ((-18)/5)/(d/5).
3
Let a = 21 - -21. List the prime factors of a.
2, 3, 7
Suppose 5*q - 14 = 41. List the prime factors of (-2)/q + (-68)/(-11).
2, 3
Let s(o) = -o**3 + 3*o**2 + 2*o + 1. Suppose -7 - 9 = -4*a. Let x be s(a). What are the prime factors of (x/2)/((-1)/2)?
7
Let o = 29 - 18. What are the prime factors of o?
11
Suppose z + 1 = 0, 6*l + 2*z - 506 = 2*l. What are the prime factors of l?
127
Let p = -52 - -90. What are the prime factors of p?
2, 19
Suppose 4*m + 1092 = 5*w, -5*m = -3*m + 6. What are the prime factors of w?
2, 3
Suppose 0*z = -5*z - 4*p - 162, 5*p = 2*z + 45. Let b be (2/(-4))/(3/z). Suppose 32 = b*j - 23. List the prime factors of j.
11
Suppose k - 16 = 28. What are the prime factors of k?
2, 11
Let m = 90 - 62. List the prime factors of m.
2, 7
Suppose 0 = -5*l + 46 + 9. What are the prime factors of l?
11
Let d = 16 - 1. What are the prime factors of d?
3, 5
Let g(o) = o**3 + 8*o**2 - 2*o + 11. Let q be g(-8). Let b = -10 + q. What are the prime factors of b?
17
Suppose 3*r + r + 2*d = 30, 3*r - d = 10. Suppose 0 = r*f - 7 - 13. Let c = f + 5. What are the prime factors of c?
3
What are the prime factors of (21/(-14))/((-3)/196)?
2, 7
Let o(i) = -i**2 + 12*i + 18. Let m be o(13). Let n(f) = 5*f + 7. What are the prime factors of n(m)?
2
Let r(h) = -h**3 + 5*h**2 - 2*h - 4. Let y be r(4). Let l = y + 5. Suppose -4*c